1 a prime number?
True
Is 174821 a prime number?
True
Is 81071 prime?
True
Is 4265 composite?
True
Is 130553 a composite number?
False
Is 11681 a composite number?
False
Is 194227 a prime number?
False
Is 158959 a prime number?
True
Is 34511 a prime number?
True
Is 26185 a prime number?
False
Is 92573 a composite number?
True
Is 47371 prime?
False
Is 4373 a composite number?
False
Is 1086343 a prime number?
True
Is 45377 composite?
False
Is 7097 a prime number?
False
Is 32117 prime?
True
Is 911341 composite?
False
Is 238913 prime?
False
Is 24733 composite?
False
Is 53539 composite?
True
Is 42811 a prime number?
False
Is 14698 a prime number?
False
Is 980999 a composite number?
False
Is 17002 a composite number?
True
Is 19003 a prime number?
False
Is 1357361 composite?
False
Is 31363 a composite number?
True
Is 24317 composite?
False
Is 127271 prime?
True
Is 75307 a prime number?
True
Is 63809 a composite number?
False
Is 68893 composite?
True
Is 555337 a prime number?
True
Is 860747 a prime number?
True
Is 9859 a prime number?
True
Is 533649 prime?
False
Is 157961 composite?
True
Is 19 a prime number?
True
Is 1187129 prime?
False
Is 38431 a prime number?
True
Is 1513 a prime number?
False
Is 164693 a composite number?
True
Is 263677 composite?
False
Is 31829 composite?
True
Is 29911 composite?
True
Is 676463 a composite number?
False
Is 3787 composite?
True
Is 439963 a prime number?
False
Is 64915 a composite number?
True
Is 12353 a prime number?
False
Is 319663 composite?
True
Is 12739 prime?
True
Is 3649 prime?
False
Is 186215 prime?
False
Is 42061 a prime number?
True
Is 9767 composite?
False
Is 514571 composite?
False
Is 186226 a composite number?
True
Is 148891 a prime number?
True
Is 240763 a prime number?
True
Is 10135 a composite number?
True
Is 30322 prime?
False
Is 49133 composite?
True
Is 38953 a prime number?
True
Is 120619 a prime number?
True
Is 293861 composite?
False
Is 6081 composite?
True
Is 2045 a prime number?
False
Is 13291 a composite number?
False
Is 108865 a prime number?
False
Is 3465659 composite?
False
Is 113647 a composite number?
False
Is 7367 composite?
True
Is 39791 a composite number?
False
Is 64747 a composite number?
False
Is 673 a composite number?
False
Is 510271 a prime number?
True
Is 652063 a composite number?
False
Is 20021 prime?
True
Is 33101 composite?
True
Is 2495947 a composite number?
False
Is 1095287 prime?
True
Is 15529 prime?
False
Is 843 prime?
False
Is 170273 a prime number?
False
Is 1207 prime?
False
Is 4783 a composite number?
False
Is 39581 composite?
False
Is 122387 prime?
True
Is 321143 a composite number?
False
Is 83289 composite?
True
Is 715289 composite?
False
Is 27361 composite?
False
Is 49307 prime?
True
Is 209041 a prime number?
False
Is 8147 prime?
True
Is 9803 a composite number?
False
Is 208414 a prime number?
False
Is 53545 a composite number?
True
Is 401035 composite?
True
Is 3749 prime?
False
Is 26177 a composite number?
False
Is 78203 composite?
False
Is 36689 a composite number?
True
Is 33923 composite?
False
Is 6841 a composite number?
False
Is 19967 a prime number?
False
Is 220057 prime?
True
Is 59509 composite?
False
Is 89513 prime?
True
Is 6899 a composite number?
False
Is 44483 composite?
False
Is 1471 a composite number?
False
Is 484387 composite?
True
Is 704357 a prime number?
True
Is 1719847 prime?
False
Is 101861 prime?
False
Is 16999 a composite number?
True
Is 1283 prime?
True
Is 19373 prime?
True
Is 164777 a prime number?
False
Is 5297 a composite number?
False
Is 4391 composite?
False
Is 220921 composite?
True
Is 18901 a composite number?
True
Is 818593 a prime number?
False
Is 240997 composite?
False
Is 10265 prime?
False
Is 134137 a composite number?
True
Is 284939 a prime number?
False
Is 19853 a composite number?
False
Is 10929 prime?
False
Is 79457 prime?
False
Is 2426 composite?
True
Is 115571 prime?
True
Is 1676431 prime?
True
Is 4535 prime?
False
Is 127646 a prime number?
False
Is 15441 prime?
False
Is 249511 prime?
False
Is 1298639 a composite number?
True
Is 3963977 composite?
False
Is 12323 prime?
True
Is 671933 prime?
True
Is 1563649 composite?
False
Is 27785 prime?
False
Is 1823383 composite?
False
Is 155653 a prime number?
True
Is 151181 a prime number?
False
Is 25939 a prime number?
True
Is 18845 a prime number?
False
Is 866893 a prime number?
False
Is 451 a prime number?
False
Is 54553 a prime number?
False
Is 317959 composite?
False
Is 615057 composite?
True
Is 16183 a prime number?
True
Is 14969 a prime number?
True
Is 19847 prime?
False
Is 13994 composite?
True
Is 437683 a composite number?
True
Is 238117 prime?
False
Is 28129 a composite number?
True
Is 258551 prime?
True
Is 101999 a composite number?
False
Is 1319627 a composite number?
True
Is 1138997 prime?
True
Is 271807 prime?
True
Is 512422 prime?
False
Is 1973 a composite number?
False
Is 388067 composite?
False
Is 229183 a composite number?
True
Is 98041 prime?
True
Is 823033 composite?
False
Is 4319 prime?
False
Is 55763 prime?
True
Is 39029 a composite number?
True
Is 140593 composite?
False
Is 106031 prime?
True
Is 565867 a prime number?
True
Is 74603 a composite number?
True
Is 116241 prime?
False
Is 17011 a composite number?
False
Is 1214 a prime number?
False
Is 90671 composite?
True
Is 151423 prime?
True
Is 116189 a prime number?
True
Is 23089 composite?
True
Is 8039 prime?
True
Is 12134 composite?
True
Is 200087 prime?
True
Is 638227 a prime number?
False
Is 897803 composite?
True
Is 31847 composite?
False
Is 647 a composite number?
False
Is 446461 prime?
True
Is 97271 composite?
True
Is 223943 composite?
True
Is 4312821 a prime number?
False
Is 1206635 composite?
True
Is 174311 composite?
False
Is 26791 a composite number?
True
Is 48239 a composite number?
False
Is 72829 prime?
False
Is 125591 a composite number?
False
Is 689737 prime?
False
Is 17693 prime?
False
Is 21955 a composite number?
True
Is 671311 a composite number?
True
Is 5639 composite?
False
Is 25667 composite?
False
Is 5261 a composite number?
False
Is 11579 a composite number?
False
Is 3233 prime?
False
Is 50173 prime?
False
Is 355749 composite?
True
Is 313207 a prime number?
True
Is 15877 a prime number?
True
Is 996803 a composite number?
False
Is 158647 prime?
True
Is 1276099 prime?
False
Is 876509 prime?
False
Is 18926 a composite number?
True
Is 534341 composite?
False
Is 2515 a prime number?
False
Is 2657 a prime number?
True
Is 66221 composite?
False
Is 255691 a prime number?
False
Is 839561 composite?
True
Is 11429 composite?
True
Is 33287 a prime number?
True
Is 1067 a composite number?
True
Is 3581 prime?
True
Is 705977 a composite number?
True
Is 26459 a composite number?
False
Is 137591 prime?
False
Is 20153 composite?
True
Is 179 a composite number?
False
Is 157 prime?
True
Is 24317 a composite number?
False
Is 12603 composite?
True
Is 4265 a composite number?
True
Is 11131 prime?
True
Is 389 prime?
True
Is 1106363 composite?
False
Is 1015606 composite?
True
Is 13381 composite?
False
Is 4659 a composite number?
True
Is 70809 prime?
False
Is 8923 prime?
True
Is 143249 a composite number?
False
Is 49867 composite?
True
Is 735367 a composite number?
False
Is 210341 a prime number?
False
Is 44867 a prime number?
True
Is 774583 a prime number?
True
Is 269 prime?
True
Is 20977 a composite number?
True
Is 698007 a prime number?
False
Is 259411 composite?
False
Is 42531 a prime number?
False
Is 89422 a prime number?
False
Is 11337 composite?
True
Is 3109 a composite number?
False
Is 836869 a prime number?
False
Is 47665 prime?
False
Is 2186185 composite?
True
Is 3863 composite?
False
Is 4621 a composite number?
False
Is 14257 prime?
False
Is 101705 a composite number?
True
Is 55753 composite?
True
Is 18973 composite?
False
Is 584849 composite?
False
Is 600053 prime?
True
Is 5779 composite?
False
Is 16901 a prime number?
True
Is 17551 a prime number?
True
Is 6337 a prime number?
True
Is 278969 a composite number?
True
Is 13553 composite?
False
Is 126617 a prime number?
False
Is 5189 composite?
False
Is 20973 composite?
True
Is 230363 a composite number?
True
Is 1537 a prime number?
False
Is 5399 a composite number?
False
Is 2721 a composite number?
True
Is 10937 composite?
False
Is 24305 composite?
Tru